{"id":19,"date":"2015-09-16T04:12:08","date_gmt":"2015-09-16T02:12:08","guid":{"rendered":"http:\/\/www.a-f-p-i.com\/miss-burgondia\/?page_id=19"},"modified":"2023-01-05T17:32:16","modified_gmt":"2023-01-05T15:32:16","slug":"accueil","status":"publish","type":"page","link":"http:\/\/www.adomode.net\/concours-top-ado-france\/","title":{"rendered":"Bienvenue !"},"content":{"rendered":"<p style=\"font-size: 5px;\">&nbsp;<\/p>\n<p>Ce concours est enti\u00e8rement g<u>ratuit<\/u> (pas de sms surtax\u00e9s, pas de frais cach\u00e9s) et s&rsquo;adresse aux mod\u00e8les \u00e2g\u00e9es de 15 \u00e0 17 ans, de la nationalit\u00e9 fran\u00e7aise et qui r\u00e9sident en France (m\u00e9tropole). Il ne faut pas avoir 18 ans durant l&rsquo;ann\u00e9e du concours.<\/p>\n<p>Depuis 2023, nous avons pris la d\u00e9cision de s\u00e9lectionner uniquement des filles qui mesurent plus de 1m64 et moins de 1m72.<br \/>\nEn effet, nous avons souhait\u00e9 d\u00e9velopper 2 cat\u00e9gories pour pouvoir mieux apporter de l&rsquo;aide. Les ados de plus de 1m71, elles peuvent demander \u00e0 s&rsquo;inscrire au concours <a href=\"http:\/\/www.fashion-modelz.fr\/top-modelz-junior-france\/\" target=\"_blank\" rel=\"noopener noreferrer\">TOP MODELZ JUNIOR FRANCE<\/a>.<\/p>\n<p style=\"font-size: 5px;\">&nbsp;<\/p>\n<p>Le concours Top Ado France a \u00e9t\u00e9 cr\u00e9\u00e9 en 2013 et rassemblait des qualifi\u00e9es de plusieurs concours Top Ados durant l&rsquo;ann\u00e9e.<\/p>\n<p>Depuis 2023, nous organisons directement une finale avec des filles que nous avons s\u00e9lectionn\u00e9 durant l&rsquo;ann\u00e9e.<\/p>\n<p style=\"font-size: 5px;\">&nbsp;<\/p>\n<p>Le concours est organis\u00e9 par l&rsquo;Association Fran\u00e7aise Productive de l\u2019Image qui n&rsquo;a pas vocation \u00e0 fournir du travail r\u00e9mun\u00e9r\u00e9 \u00e0 des mannequins.<\/p>\n<p>Nous ne sommes pas une agence de mannequins, mais une association qui a parfaitement le droit d&rsquo;organiser des concours et de proposer des activit\u00e9s \u00e0 des personnes qui en demandent. L&rsquo;association vient en aide \u00e0 des mod\u00e8les qui en souhaitent.<\/p>\n<p style=\"font-size: 5px;\">&nbsp;<\/p>\n<p>Pour une prochaine \u00e9dition, il est possible d&rsquo;y ajouter des candidates apr\u00e8s des casting lors de rendez-vous photographiques.<\/p>\n<p>Nous vous invitons \u00e0 parcourir les diff\u00e9rentes pages de ce site.<\/p>\n<p style=\"font-size: 10px;\">&nbsp;<\/p>\n<!-- AddThis Advanced Settings generic via filter on the_content --><!-- AddThis Share Buttons generic via filter on the_content --> ","protected":false},"excerpt":{"rendered":"<p>&nbsp; Ce concours est enti\u00e8rement gratuit (pas de sms surtax\u00e9s, pas de frais cach\u00e9s) et s&rsquo;adresse aux mod\u00e8les \u00e2g\u00e9es de 15 \u00e0 17 ans, de&#8230;<!-- AddThis Advanced Settings generic via filter on get_the_excerpt --><!-- AddThis Share Buttons generic via filter on get_the_excerpt --><\/p>\n","protected":false},"author":1,"featured_media":0,"parent":0,"menu_order":0,"comment_status":"closed","ping_status":"closed","template":"","meta":[],"_links":{"self":[{"href":"http:\/\/www.adomode.net\/concours-top-ado-france\/wp-json\/wp\/v2\/pages\/19"}],"collection":[{"href":"http:\/\/www.adomode.net\/concours-top-ado-france\/wp-json\/wp\/v2\/pages"}],"about":[{"href":"http:\/\/www.adomode.net\/concours-top-ado-france\/wp-json\/wp\/v2\/types\/page"}],"author":[{"embeddable":true,"href":"http:\/\/www.adomode.net\/concours-top-ado-france\/wp-json\/wp\/v2\/users\/1"}],"replies":[{"embeddable":true,"href":"http:\/\/www.adomode.net\/concours-top-ado-france\/wp-json\/wp\/v2\/comments?post=19"}],"version-history":[{"count":23,"href":"http:\/\/www.adomode.net\/concours-top-ado-france\/wp-json\/wp\/v2\/pages\/19\/revisions"}],"predecessor-version":[{"id":986,"href":"http:\/\/www.adomode.net\/concours-top-ado-france\/wp-json\/wp\/v2\/pages\/19\/revisions\/986"}],"wp:attachment":[{"href":"http:\/\/www.adomode.net\/concours-top-ado-france\/wp-json\/wp\/v2\/media?parent=19"}],"curies":[{"name":"wp","href":"https:\/\/api.w.org\/{rel}","templated":true}]}}

<p style="font-size: 5px;">&nbsp;</p>
<p>Ce concours est entièrement g<u>ratuit</u> (pas de sms surtaxés, pas de frais cachés) et s&rsquo;adresse aux modèles âgées de 15 à 17 ans, de la nationalité française et qui résident en France (métropole). Il ne faut pas avoir 18 ans durant l&rsquo;année du concours.</p>
<p>Depuis 2023, nous avons pris la décision de sélectionner uniquement des filles qui mesurent plus de 1m64 et moins de 1m72.<br />
En effet, nous avons souhaité développer 2 catégories pour pouvoir mieux apporter de l&rsquo;aide. Les ados de plus de 1m71, elles peuvent demander à s&rsquo;inscrire au concours <a href="http://www.fashion-modelz.fr/top-modelz-junior-france/" target="_blank" rel="noopener noreferrer">TOP MODELZ JUNIOR FRANCE</a>.</p>
<p style="font-size: 5px;">&nbsp;</p>
<p>Le concours Top Ado France a été créé en 2013 et rassemblait des qualifiées de plusieurs concours Top Ados durant l&rsquo;année.</p>
<p>Depuis 2023, nous organisons directement une finale avec des filles que nous avons sélectionné durant l&rsquo;année.</p>
<p style="font-size: 5px;">&nbsp;</p>
<p>Le concours est organisé par l&rsquo;Association Française Productive de l’Image qui n&rsquo;a pas vocation à fournir du travail rémunéré à des mannequins.</p>
<p>Nous ne sommes pas une agence de mannequins, mais une association qui a parfaitement le droit d&rsquo;organiser des concours et de proposer des activités à des personnes qui en demandent. L&rsquo;association vient en aide à des modèles qui en souhaitent.</p>
<p style="font-size: 5px;">&nbsp;</p>
<p>Pour une prochaine édition, il est possible d&rsquo;y ajouter des candidates après des casting lors de rendez-vous photographiques.</p>
<p>Nous vous invitons à parcourir les différentes pages de ce site.</p>
<p style="font-size: 10px;">&nbsp;</p>
<!-- AddThis Advanced Settings generic via filter on the_content --><!-- AddThis Share Buttons generic via filter on the_content -->

<p>&nbsp; Ce concours est entièrement gratuit (pas de sms surtaxés, pas de frais cachés) et s&rsquo;adresse aux modèles âgées de 15 à 17 ans, de&#8230;<!-- AddThis Advanced Settings generic via filter on get_the_excerpt --><!-- AddThis Share Buttons generic via filter on get_the_excerpt --></p>
