{"id":400,"date":"2015-09-24T17:56:29","date_gmt":"2015-09-24T15:56:29","guid":{"rendered":"http:\/\/www.a-f-p-i.com\/concours-top-mod-france\/?page_id=400"},"modified":"2022-08-16T05:13:40","modified_gmt":"2022-08-16T03:13:40","slug":"photographes","status":"publish","type":"page","link":"http:\/\/www.adomode.net\/concours-top-ado-france\/photographes\/","title":{"rendered":"photographes"},"content":{"rendered":"<p style=\"font-size: 15px;\">&nbsp;<\/p>\n<p>L&rsquo;Association Fran\u00e7aise Productive de l\u2019Image a des photographes parmi ses membres, mais n&rsquo;interdit pas \u00e0 d&rsquo;autres photographes de devenir des partenaires pour des projets.<\/p>\n<p style=\"font-size: 15px;\">&nbsp;<\/p>\n<p>Les personnes s\u00e9rieuses qui le souhaitent, elles peuvent donc proposer des projets \u00e0 des mod\u00e8les qui participent au concours.<\/p>\n<p>Les photographes peuvent bien s\u00fbr contacter directement les participantes \u00e0 nos concours afin de leurs proposer des projets. Les concours sont notamment faits pour cela !<\/p>\n<p style=\"font-size: 15px;\">&nbsp;<\/p>\n<p>Nous offrons des cadeaux \u00e0 nos participantes. Des photographes peuvent en proposer de nouveaux qui s&rsquo;y ajoutent.<\/p>\n<p>Nous pouvons par la suite utiliser vos photos qui concernent nos mod\u00e8les afin de partager l&rsquo;\u00e9volution des mod\u00e8les et de vous faire de la publicit\u00e9 gratuite.<\/p>\n<p style=\"font-size: 15px;\">&nbsp;<\/p>\n<p>Les mod\u00e8les (de nos concours) peuvent nous contacter r\u00e9guli\u00e8rement afin d&rsquo;obtenir des contacts qui sont disponibles pour leurs faire des photos.<\/p>\n<p style=\"font-size: 15px;\">&nbsp;<\/p>\n<p>N&rsquo;h\u00e9sitez pas \u00e0 nous \u00e9crire si vous avez des questions.<\/p>\n<p style=\"font-size: 15px;\">&nbsp;<\/p>\n<p>Remarque : L&rsquo;A.F.P.I n&rsquo;est pas l\u00e0 pour proposer du travail r\u00e9mun\u00e9r\u00e9 mais d&rsquo;aider \u00e0 d\u00e9velopper des projets.<\/p>\n<p style=\"font-size: 15px;\">&nbsp;<\/p>\n<!-- AddThis Advanced Settings generic via filter on the_content --><!-- AddThis Share Buttons generic via filter on the_content --> ","protected":false},"excerpt":{"rendered":"<p>&nbsp; L&rsquo;Association Fran\u00e7aise Productive de l\u2019Image a des photographes parmi ses membres, mais n&rsquo;interdit pas \u00e0 d&rsquo;autres photographes de devenir des partenaires pour des projets&#8230;.<!-- AddThis Advanced Settings generic via filter on get_the_excerpt --><!-- AddThis Share Buttons generic via filter on get_the_excerpt --><\/p>\n","protected":false},"author":1,"featured_media":0,"parent":0,"menu_order":0,"comment_status":"closed","ping_status":"open","template":"","meta":[],"_links":{"self":[{"href":"http:\/\/www.adomode.net\/concours-top-ado-france\/wp-json\/wp\/v2\/pages\/400"}],"collection":[{"href":"http:\/\/www.adomode.net\/concours-top-ado-france\/wp-json\/wp\/v2\/pages"}],"about":[{"href":"http:\/\/www.adomode.net\/concours-top-ado-france\/wp-json\/wp\/v2\/types\/page"}],"author":[{"embeddable":true,"href":"http:\/\/www.adomode.net\/concours-top-ado-france\/wp-json\/wp\/v2\/users\/1"}],"replies":[{"embeddable":true,"href":"http:\/\/www.adomode.net\/concours-top-ado-france\/wp-json\/wp\/v2\/comments?post=400"}],"version-history":[{"count":2,"href":"http:\/\/www.adomode.net\/concours-top-ado-france\/wp-json\/wp\/v2\/pages\/400\/revisions"}],"predecessor-version":[{"id":769,"href":"http:\/\/www.adomode.net\/concours-top-ado-france\/wp-json\/wp\/v2\/pages\/400\/revisions\/769"}],"wp:attachment":[{"href":"http:\/\/www.adomode.net\/concours-top-ado-france\/wp-json\/wp\/v2\/media?parent=400"}],"curies":[{"name":"wp","href":"https:\/\/api.w.org\/{rel}","templated":true}]}}

<p style="font-size: 15px;">&nbsp;</p>
<p>L&rsquo;Association Française Productive de l’Image a des photographes parmi ses membres, mais n&rsquo;interdit pas à d&rsquo;autres photographes de devenir des partenaires pour des projets.</p>
<p style="font-size: 15px;">&nbsp;</p>
<p>Les personnes sérieuses qui le souhaitent, elles peuvent donc proposer des projets à des modèles qui participent au concours.</p>
<p>Les photographes peuvent bien sûr contacter directement les participantes à nos concours afin de leurs proposer des projets. Les concours sont notamment faits pour cela !</p>
<p style="font-size: 15px;">&nbsp;</p>
<p>Nous offrons des cadeaux à nos participantes. Des photographes peuvent en proposer de nouveaux qui s&rsquo;y ajoutent.</p>
<p>Nous pouvons par la suite utiliser vos photos qui concernent nos modèles afin de partager l&rsquo;évolution des modèles et de vous faire de la publicité gratuite.</p>
<p style="font-size: 15px;">&nbsp;</p>
<p>Les modèles (de nos concours) peuvent nous contacter régulièrement afin d&rsquo;obtenir des contacts qui sont disponibles pour leurs faire des photos.</p>
<p style="font-size: 15px;">&nbsp;</p>
<p>N&rsquo;hésitez pas à nous écrire si vous avez des questions.</p>
<p style="font-size: 15px;">&nbsp;</p>
<p>Remarque : L&rsquo;A.F.P.I n&rsquo;est pas là pour proposer du travail rémunéré mais d&rsquo;aider à développer des projets.</p>
<p style="font-size: 15px;">&nbsp;</p>
<!-- AddThis Advanced Settings generic via filter on the_content --><!-- AddThis Share Buttons generic via filter on the_content -->

<p>&nbsp; L&rsquo;Association Française Productive de l’Image a des photographes parmi ses membres, mais n&rsquo;interdit pas à d&rsquo;autres photographes de devenir des partenaires pour des projets&#8230;.<!-- AddThis Advanced Settings generic via filter on get_the_excerpt --><!-- AddThis Share Buttons generic via filter on get_the_excerpt --></p>
