{"id":6,"date":"2015-09-15T23:31:13","date_gmt":"2015-09-15T21:31:13","guid":{"rendered":"http:\/\/a-f-p-i.com\/miss-burgondia\/?page_id=2"},"modified":"2022-08-18T02:33:36","modified_gmt":"2022-08-18T00:33:36","slug":"presentation","status":"publish","type":"page","link":"http:\/\/www.adomode.net\/concours-top-ado-france\/presentation\/","title":{"rendered":"Pr\u00e9sentation"},"content":{"rendered":"<p style=\"font-size: 5px;\">&nbsp;<\/p>\n<p>Il s&rsquo;agit d&rsquo;un concours de mod\u00e8les qui a vu une premi\u00e8re version en 2013.<\/p>\n<p>Ce concours gratuit est ouvert aux ados qui souhaitent \u00e9voluer aux c\u00f4t\u00e9s de l&rsquo;Association Fran\u00e7aise Productive de l\u2019Image.<\/p>\n<p>Les candidates sont \u00e2g\u00e9es de 15 \u00e0 17 ans. Elles&nbsp;mesurent plus de 1m64 et moins de 1m72.<\/p>\n<p>Il est bon \u00e0 savoir que l&rsquo;on est consid\u00e9r\u00e9 \u00ab\u00a0adulte\u00a0\u00bb \u00e0 partir de 16 ans dans le mannequinat.<br \/>\nIl n&rsquo;existe pas une cat\u00e9gorie \u00ab\u00a0ados\u00a0\u00bb mais une cat\u00e9gorie \u00ab\u00a0enfants\u00a0\u00bb.<\/p>\n<p>Il s&rsquo;agit d&rsquo;un concours uniquement sur internet mais il peut y avoir un casting lors d&rsquo;un rendez-vous. Le casting peut s&rsquo;organiser lors d&rsquo;une rencontre photographique afin d&rsquo;\u00e9tudier le potentiel de la candidate et d&rsquo;un peu mieux la conna\u00eetre.<\/p>\n<p>Attention de ne pas vous faire contacter par une personne qui ne fait pas r\u00e9ellement partie de notre \u00e9quipe.<\/p>\n<p>Pour vous assurer d&rsquo;un bon contact : n&rsquo;h\u00e9sitez pas \u00e0 faire confirmer la v\u00e9racit\u00e9 du rendez-vous via la page contact du site ou la page Facebook.<\/p>\n<p>Il est possible par la suite que des mod\u00e8les du concours participent \u00e0 des projets avec l&rsquo;association, par exemple un d\u00e9fil\u00e9 de mode en faveur d&rsquo;une association \u00e0 but caritatif.<\/p>\n<p>Notre association d\u00e9veloppe diff\u00e9rentes activit\u00e9s dans le domaine de l&rsquo;Image et nous cherchons de temps en temps des mod\u00e8les afin de r\u00e9aliser des projets.<\/p>\n<p>De plus, nous pouvons apporter de l&rsquo;aide aux mod\u00e8les qui le souhaitent, par des conseils et des recommandations aupr\u00e8s de tierces personnes.<\/p>\n<!-- AddThis Advanced Settings generic via filter on the_content --><!-- AddThis Share Buttons generic via filter on the_content --> ","protected":false},"excerpt":{"rendered":"<p>&nbsp; Il s&rsquo;agit d&rsquo;un concours de mod\u00e8les qui a vu une premi\u00e8re version en 2013. Ce concours gratuit est ouvert aux ados qui souhaitent \u00e9voluer&#8230;<!-- AddThis Advanced Settings generic via filter on get_the_excerpt --><!-- AddThis Share Buttons generic via filter on get_the_excerpt --><\/p>\n","protected":false},"author":1,"featured_media":0,"parent":0,"menu_order":0,"comment_status":"closed","ping_status":"closed","template":"","meta":[],"_links":{"self":[{"href":"http:\/\/www.adomode.net\/concours-top-ado-france\/wp-json\/wp\/v2\/pages\/6"}],"collection":[{"href":"http:\/\/www.adomode.net\/concours-top-ado-france\/wp-json\/wp\/v2\/pages"}],"about":[{"href":"http:\/\/www.adomode.net\/concours-top-ado-france\/wp-json\/wp\/v2\/types\/page"}],"author":[{"embeddable":true,"href":"http:\/\/www.adomode.net\/concours-top-ado-france\/wp-json\/wp\/v2\/users\/1"}],"replies":[{"embeddable":true,"href":"http:\/\/www.adomode.net\/concours-top-ado-france\/wp-json\/wp\/v2\/comments?post=6"}],"version-history":[{"count":20,"href":"http:\/\/www.adomode.net\/concours-top-ado-france\/wp-json\/wp\/v2\/pages\/6\/revisions"}],"predecessor-version":[{"id":818,"href":"http:\/\/www.adomode.net\/concours-top-ado-france\/wp-json\/wp\/v2\/pages\/6\/revisions\/818"}],"wp:attachment":[{"href":"http:\/\/www.adomode.net\/concours-top-ado-france\/wp-json\/wp\/v2\/media?parent=6"}],"curies":[{"name":"wp","href":"https:\/\/api.w.org\/{rel}","templated":true}]}}

Présentation

<p style="font-size: 5px;">&nbsp;</p>
<p>Il s&rsquo;agit d&rsquo;un concours de modèles qui a vu une première version en 2013.</p>
<p>Ce concours gratuit est ouvert aux ados qui souhaitent évoluer aux côtés de l&rsquo;Association Française Productive de l’Image.</p>
<p>Les candidates sont âgées de 15 à 17 ans. Elles&nbsp;mesurent plus de 1m64 et moins de 1m72.</p>
<p>Il est bon à savoir que l&rsquo;on est considéré « adulte » à partir de 16 ans dans le mannequinat.<br />
Il n&rsquo;existe pas une catégorie « ados » mais une catégorie « enfants ».</p>
<p>Il s&rsquo;agit d&rsquo;un concours uniquement sur internet mais il peut y avoir un casting lors d&rsquo;un rendez-vous. Le casting peut s&rsquo;organiser lors d&rsquo;une rencontre photographique afin d&rsquo;étudier le potentiel de la candidate et d&rsquo;un peu mieux la connaître.</p>
<p>Attention de ne pas vous faire contacter par une personne qui ne fait pas réellement partie de notre équipe.</p>
<p>Pour vous assurer d&rsquo;un bon contact : n&rsquo;hésitez pas à faire confirmer la véracité du rendez-vous via la page contact du site ou la page Facebook.</p>
<p>Il est possible par la suite que des modèles du concours participent à des projets avec l&rsquo;association, par exemple un défilé de mode en faveur d&rsquo;une association à but caritatif.</p>
<p>Notre association développe différentes activités dans le domaine de l&rsquo;Image et nous cherchons de temps en temps des modèles afin de réaliser des projets.</p>
<p>De plus, nous pouvons apporter de l&rsquo;aide aux modèles qui le souhaitent, par des conseils et des recommandations auprès de tierces personnes.</p>
<!-- AddThis Advanced Settings generic via filter on the_content --><!-- AddThis Share Buttons generic via filter on the_content -->

<p>&nbsp; Il s&rsquo;agit d&rsquo;un concours de modèles qui a vu une première version en 2013. Ce concours gratuit est ouvert aux ados qui souhaitent évoluer&#8230;<!-- AddThis Advanced Settings generic via filter on get_the_excerpt --><!-- AddThis Share Buttons generic via filter on get_the_excerpt --></p>
